 = -8*c - 3*m + 13, -90 = -5*c + 4*m. Calculate the remainder when 1480 is divided by c.
10
Suppose 174*c - 59455 - 76787 = 0. Calculate the remainder when c is divided by 100.
83
Suppose 0 = 196*k - 186*k - 300. What is the remainder when 33 is divided by k?
3
Let k be -31 + (-1 - (-3 + -1)). Let q = k + 22. Calculate the remainder when 58 is divided by (-362)/(-12) - (-1)/q.
28
Suppose -7273*x = -7255*x - 324. What is the remainder when 12219 is divided by x?
15
What is the remainder when 321 is divided by 164 - -2*(72/(-21) + 9/21)?
5
Let a(w) = 2*w**2 - 3*w - 5. Let r be a(-7). Let j = 122 - r. Calculate the remainder when 12 is divided by j.
4
Let l = -1185 - -1826. Calculate the remainder when l is divided by 212.
5
Let z(t) = -t**3 + 26*t**2 - 10*t - 84. What is the remainder when z(23) is divided by 51?
49
Let f = 1752 - 1702. What is the remainder when 2799 is divided by f?
49
Let m = 78 + -67. Let p be ((-6)/7)/(12/(-224)). Suppose -2*a + p = 5*o - 241, -a + 52 = o. Calculate the remainder when o is divided by m.
7
Let n(b) = 10*b + 289. Suppose 3*m = 5*h - 226, 25*h - 28*h + 132 = -3*m. Calculate the remainder when h is divided by n(-27).
9
Suppose 0 = -3*k - 2*s + 6731, -k + s = -3087 + 845. Calculate the remainder when k is divided by 18.
11
Let y = -2167 + 2195. Let q = 0 - 17. Let t = q + y. Calculate the remainder when 21 is divided by t.
10
Let b = -87 + 105. Let k(y) = -y**3 - 15*y**2 - 7*y - 36. Let j be k(-16). Let n = j - 173. What is the remainder when n is divided by b?
15
Let m be (5/15)/((-2)/(-18)). Let s(p) = 12*p - 10*p - p**m + p - 5. What is the remainder when s(-4) is divided by 13?
8
Let j = 839 - 801. What is the remainder when j is divided by 20?
18
Let f be ((-380)/57)/((-2)/15). Suppose 2*l = 3*t - 50, 2*l - f = -20*t + 18*t. Suppose 7*c - 175 = 2*c. What is the remainder when c is divided by t?
15
Suppose 42*i + 23888 = 24014. Calculate the remainder when (11 - -1)*(-156)/(-8) is divided by i.
0
Let w(z) = -z**3 - 4*z**2 - z + 2. Let c be w(-4). Calculate the remainder when 108/(-10)*(-20)/c is divided by 22 + (-7)/(-2)*22/(15 - 26).
6
Let d be (-1 - (-9 + 9)) + 1/(-1). Suppose -2*t = 2*t - 4*u - 20, 0 = 5*t + 2*u - 53. Calculate the remainder when 186 is divided by (-3073)/(-63) - 2 - d/t.
45
Let p = 4 - -3. Let r be (-2)/7 + (-7805)/(-49). Let w = 235 - r. Calculate the remainder when w is divided by p.
6
Suppose q - 50 = -4*d, 0*q + 2*q - 3*d = 78. Let f = -224 + 229. Suppose f*c - 2*y = 116, 0 = -4*y - 12 - 0. What is the remainder when q is divided by c?
20
Suppose -4835*v + 5520 = -4651*v. What is the remainder when v is divided by 13 - (-2)/(2 + 0)?
2
Suppose -42 = -u - 3*t, u + u = 5*t + 95. Calculate the remainder when u is divided by (-6696)/(-648) + (-4)/12.
5
Let a(n) = -15*n**3 + 2*n**2 + 2*n + 1. Let t be (-18)/(4/(-7)*42/12). What is the remainder when (-15)/t - 840/(-18) is divided by a(-1)?
13
Let z = -16397 + 16540. Calculate the remainder when 1297 is divided by z.
10
Suppose 0 = -6*u + 2*u + 36. Suppose -2216 - 2299 = -7*y. Let r = y + -639. Calculate the remainder when u is divided by r.
3
Suppose 0*p = 2*p - 200. Suppose 5*v - p = v. Calculate the remainder when (0 - -73) + 0 - (0 - 1) is divided by v.
24
Calculate the remainder when 361 is divided by 45/(-6)*(-1302)/155.
46
Let t(h) = 644*h + 30527. Calculate the remainder when t(-47) is divided by (1 + (-27)/(-2))*2.
27
Suppose 4899*r = 4887*r + 972. What is the remainder when 242 is divided by r?
80
Calculate the remainder when 10731 is divided by (200/12)/10 + 5/(15/541).
175
Let j = -968 - -1017. Let x be 2*4 - (-4 + 7). Suppose 5*q + x*y = 105, 4*y = 5*y + 4. What is the remainder when j is divided by q?
24
Let y(n) = -3*n**2 - 439*n - 552. What is the remainder when 2590 is divided by y(-145)?
14
Let r = 0 + 45. Let s be (-1882)/(-10) - 3*3/r. Suppose 7*h - 3*h - s = 0. What is the remainder when 187 is divided by h?
46
Suppose -3*j + 4*m + 9990 = 0, 5*j - 7559 - 9080 = 3*m. Calculate the remainder when j is divided by 104.
102
Suppose 32*c - 728 + 280 = 0. Suppose -5*i + c + 331 = 0. What is the remainder when i is divided by 39?
30
Let f(h) = -h**3 + 14*h**2 + 37*h - 78. Let n be f(16). Calculate the remainder when 238 is divided by (1/(2/n))/((-81)/(-4941)).
55
Let f(p) = -14*p + 72. Let c be f(22). Let x = -374 - c. Let h = -76 - x. What is the remainder when h is divided by 13?
10
Suppose -244 - 164 = 4*i. Let h = 142 + i. What is the remainder when h is divided by (2/(-4))/(2/(-44))?
7
What is the remainder when 0 + -1 - (-133 + (-9 - 10)) is divided by 38?
37
Let r = -27664 - -27709. Calculate the remainder when 1239 is divided by r.
24
Let b(h) = -109*h + 5595. What is the remainder when 1437 is divided by b(47)?
21
Suppose 2*z - 1970 = 5*t, -861 - 1109 = 5*t - 4*z. Let y = -334 - t. What is the remainder when y is divided by 9?
6
Let g = 3034 - 3016. Calculate the remainder when 251 is divided by g.
17
Let i(m) = m**3 - 11*m**2 - 216*m + 130. Suppose -7*j = -11*j + 484. What is the remainder when j is divided by i(21)?
1
Let h = 144 - 101. Suppose 5*x - h = -3. Calculate the remainder when 28 is divided by x.
4
Let b(l) = -2*l**2 - 14*l + 20. Let i be b(10). Let p = i + 424. What is the remainder when p is divided by 19?
9
Let n(k) = k**2 + 10*k - 70. Let i be n(-15). Suppose i*g + g - 96 = 0. What is the remainder when 141 is divided by g?
13
Let d(l) = -2*l - 4*l + l - 6. Let i be d(-2). Suppose -31 = -i*u - 11. Calculate the remainder when 19 is divided by u.
4
Suppose 0*j - 3*j = -102. Let q(v) = 12*v + 32. Let x be q(-3). Calculate the remainder when j is divided by 5 + 5 - 8/x.
10
Suppose 0 = 2*v - 28 + 40. Suppose -28 = -4*l + 56. Calculate the remainder when (-103)/((v - -5)*1) is divided by l.
19
Let c(s) = s**2 - 15*s + 81. Let y = 398 + -301. What is the remainder when y is divided by c(7)?
22
Let t(a) = 2*a**2 + 11*a - 10. Let c be t(1). Suppose 0 = -c*u + 80 - 11. What is the remainder when u is divided by 8?
7
Let t be -4*34*154/(-14). Suppose 6*x + 512 = t. What is the remainder when x is divided by 82?
0
Let b(o) = -3*o + 18. Let t be b(10). What is the remainder when (-11 - t)/((-2)/(-94)) is divided by (-1 - 1) + (4 + 5 - -5)?
11
Let i be 6 + 63 - (-1 + 0 + 2). Suppose 0 = -2*n + i + 14. Calculate the remainder when n is divided by 11.
8
Suppose -6*s - 4747 + 1561 = 0. Let w = 719 + s. Calculate the remainder when w is divided by 39.
32
Suppose 5*i = 3*x - 310, 15*x - 12*x = i + 290. What is the remainder when 2290 is divided by x?
10
Let j(f) = 6*f**3 - 7*f**2 + 6*f + 3. Let b = -7 + 22. Calculate the remainder when j(4) is divided by b.
14
Suppose -2*s = -2, -4*s - 1 = -2*k + 3. Let m = -37 + 89. Suppose 9*a - m - 38 = 0. Calculate the remainder when a is divided by k.
2
Let k be (3/(-2))/(7*(-51)/(-9520)). Let w be (-27928)/7 - 2/7. Calculate the remainder when w/k - (-2)/8 is divided by 26.
22
Let o(s) = 8*s**3 - 2*s**2 + 2*s - 4. Suppose -q - 4 = -3*q. Let y be o(q). Suppose -5*t + y = -69. Calculate the remainder when 123 is divided by t.
23
Suppose -46*s + 55492 = 92*s - 58082. Calculate the remainder when s is divided by 819.
4
Let o = 131 - 126. Suppose -m = -3*m - 2, 0 = -5*a + o*m + 155. What is the remainder when 82 is divided by a?
22
Suppose -2*n - m = -n - 180, -2*m + 720 = 4*n. Suppose -c = 2*c + w - n, -3*c = -w - 186. Calculate the remainder when c is divided by 16.
13
Suppose 17*y + 8958 = 9196. Calculate the remainder when 3093 is divided by y.
13
Suppose -51 = -y - 3*f - 25, 0 = 4*y + 2*f - 44. What is the remainder when 717 is divided by y?
5
Let c = 150 + -101. Let z(y) = y**3 - 51*y**2 + 101*y - 120. Calculate the remainder when c is divided by z(49).
22
Let h = 38 - 35. Suppose 59 = 3*k - n - 3*n, -h = -3*n. What is the remainder when 644/16 + -4*(-9)/48 is divided by k?
20
Let n = -527 - 261. Let c = n - -820. What is the remainder when 94 is divided by c?
30
Suppose 15*n - 1296 = -6*n - 6*n. Calculate the remainder when 301 is divided by n.
13
Suppose -4*n + 19*n = 465. Suppose -2*h + 3*b = -n, -2*h = -0*h + b - 19. What is the remainder when 37 is divided by h?
4
Suppose -4*g + 4*n = -192, -13*g + 120 = -10*g + 5*n. What is the remainder when 177 is divided by g?
42
Wha